{"id":18,"date":"2017-02-03T19:33:28","date_gmt":"2017-02-03T19:33:28","guid":{"rendered":"http:\/\/agro.umsa.bo\/?page_id=18"},"modified":"2017-02-03T16:54:13","modified_gmt":"2017-02-03T20:54:13","slug":"facultad-de-agronomia","status":"publish","type":"page","link":"https:\/\/fa.umsa.bo\/index.php\/institucional\/facultad-de-agronomia\/","title":{"rendered":"Facultad de Agronom\u00eda"},"content":{"rendered":"<p><img loading=\"lazy\" decoding=\"async\" class=\"alignleft size-medium wp-image-49\" src=\"http:\/\/agro.umsa.bo\/wp-content\/uploads\/2017\/02\/logoa-300x100.png\" alt=\"\" width=\"300\" height=\"100\" srcset=\"https:\/\/fa.umsa.bo\/wp-content\/uploads\/2017\/02\/logoa-300x100.png 300w, https:\/\/fa.umsa.bo\/wp-content\/uploads\/2017\/02\/logoa.png 450w\" sizes=\"auto, (max-width: 300px) 100vw, 300px\" \/><\/p>\n<p>&nbsp;<\/p>\n<p>&nbsp;<\/p>\n<p>&nbsp;<\/p>\n<p>&nbsp;<\/p>\n<p>La Facultad de Agronom\u00eda tiene como:<\/p>\n<p><strong>MISI\u00d3N<\/strong><\/p>\n<div>Formar ingenieros Agr\u00f3nomos competentes y emprendedores con compromiso y sensibilidad social, para dar soluci\u00f3n a problemas del sector agropecuario, a trav\u00e9s de la innovaci\u00f3n investigaci\u00f3n y aplicaci\u00f3n de tecnolog\u00edas, para el incremento de la productividad agropecuaria sustentable, en el contexto de la seguridad alimentaria y cambio clim\u00e1tico, acordes con la realidad nacional, contribuyendo de esta manera a mejorar la calidad de vida de la poblaci\u00f3n.<\/div>\n<div><\/div>\n<div><strong>VISI\u00d3N<\/strong><\/div>\n<div><\/div>\n<div>La carrera de Ingenier\u00eda Agron\u00f3mica es una unidad acad\u00e9mica reconocida a nivel departamental, nacional e internacional, por su din\u00e1mica en la generaci\u00f3n de conocimientos, y por brindar a la sociedad profesionales con alto grado de formaci\u00f3n t\u00e9cnica, cient\u00edfica y con vocaci\u00f3n de servicio, capaces de contribuir al desarrollo regional y nacional a trav\u00e9s de la producci\u00f3n de alimentos, basados en la calidad acad\u00e9mica de sus docentes y estudiantes, con una adecuada infraestructura, capaces de responder a los nuevos desaf\u00edos que conllevan los efectos del cambio clim\u00e1tico y la conservaci\u00f3n de los recursos naturales.<\/div>\n","protected":false},"excerpt":{"rendered":"<p>&nbsp; &nbsp; &nbsp; &nbsp; La Facultad de Agronom\u00eda tiene como: MISI\u00d3N Formar ingenieros Agr\u00f3nomos competentes y emprendedores con compromiso y sensibilidad social, para dar soluci\u00f3n a problemas del sector agropecuario, a trav\u00e9s de la innovaci\u00f3n investigaci\u00f3n y aplicaci\u00f3n de tecnolog\u00edas, para el incremento de la productividad agropecuaria sustentable, en el contexto de la seguridad alimentaria [&hellip;]<\/p>\n","protected":false},"author":1,"featured_media":0,"parent":16,"menu_order":0,"comment_status":"closed","ping_status":"closed","template":"","meta":{"footnotes":""},"class_list":["post-18","page","type-page","status-publish","hentry"],"_links":{"self":[{"href":"https:\/\/fa.umsa.bo\/index.php\/wp-json\/wp\/v2\/pages\/18","targetHints":{"allow":["GET"]}}],"collection":[{"href":"https:\/\/fa.umsa.bo\/index.php\/wp-json\/wp\/v2\/pages"}],"about":[{"href":"https:\/\/fa.umsa.bo\/index.php\/wp-json\/wp\/v2\/types\/page"}],"author":[{"embeddable":true,"href":"https:\/\/fa.umsa.bo\/index.php\/wp-json\/wp\/v2\/users\/1"}],"replies":[{"embeddable":true,"href":"https:\/\/fa.umsa.bo\/index.php\/wp-json\/wp\/v2\/comments?post=18"}],"version-history":[{"count":4,"href":"https:\/\/fa.umsa.bo\/index.php\/wp-json\/wp\/v2\/pages\/18\/revisions"}],"predecessor-version":[{"id":23,"href":"https:\/\/fa.umsa.bo\/index.php\/wp-json\/wp\/v2\/pages\/18\/revisions\/23"}],"up":[{"embeddable":true,"href":"https:\/\/fa.umsa.bo\/index.php\/wp-json\/wp\/v2\/pages\/16"}],"wp:attachment":[{"href":"https:\/\/fa.umsa.bo\/index.php\/wp-json\/wp\/v2\/media?parent=18"}],"curies":[{"name":"wp","href":"https:\/\/api.w.org\/{rel}","templated":true}]}}