{"id":587,"date":"2019-09-06T18:15:34","date_gmt":"2019-09-06T22:15:34","guid":{"rendered":"http:\/\/agro.umsa.bo\/?page_id=587"},"modified":"2022-02-09T12:04:05","modified_gmt":"2022-02-09T16:04:05","slug":"direccion-e-informacion-estacion-experimental-choquenaira","status":"publish","type":"page","link":"https:\/\/fa.umsa.bo\/index.php\/direccion-e-informacion-estacion-experimental-choquenaira\/","title":{"rendered":"Direcci\u00f3n e Informaci\u00f3n Estaci\u00f3n Experimental Choquenaira"},"content":{"rendered":"\n<p style=\"text-align: center;\"><strong>Ing. Fanny Bertha Arragan Tancara<\/strong><\/p>\n<p style=\"text-align: center;\"><strong>DIRECTOR a.i.<\/strong><\/p>\n","protected":false},"excerpt":{"rendered":"","protected":false},"author":1,"featured_media":0,"parent":0,"menu_order":0,"comment_status":"closed","ping_status":"closed","template":"","meta":{"footnotes":""},"class_list":["post-587","page","type-page","status-publish","hentry"],"_links":{"self":[{"href":"https:\/\/fa.umsa.bo\/index.php\/wp-json\/wp\/v2\/pages\/587","targetHints":{"allow":["GET"]}}],"collection":[{"href":"https:\/\/fa.umsa.bo\/index.php\/wp-json\/wp\/v2\/pages"}],"about":[{"href":"https:\/\/fa.umsa.bo\/index.php\/wp-json\/wp\/v2\/types\/page"}],"author":[{"embeddable":true,"href":"https:\/\/fa.umsa.bo\/index.php\/wp-json\/wp\/v2\/users\/1"}],"replies":[{"embeddable":true,"href":"https:\/\/fa.umsa.bo\/index.php\/wp-json\/wp\/v2\/comments?post=587"}],"version-history":[{"count":2,"href":"https:\/\/fa.umsa.bo\/index.php\/wp-json\/wp\/v2\/pages\/587\/revisions"}],"predecessor-version":[{"id":1013,"href":"https:\/\/fa.umsa.bo\/index.php\/wp-json\/wp\/v2\/pages\/587\/revisions\/1013"}],"wp:attachment":[{"href":"https:\/\/fa.umsa.bo\/index.php\/wp-json\/wp\/v2\/media?parent=587"}],"curies":[{"name":"wp","href":"https:\/\/api.w.org\/{rel}","templated":true}]}}